What is the greatest common divisor of 17 and w?
17
Let d = 63 + -24. Suppose -5*r = 5*p - 116 - d, -4*r - 20 = 0. What is the greatest common divisor of p and 24?
12
Suppose r = 5*r - 20. Let c = r + 15. Let j(b) = -50*b**3 + b**2 - 1. Let m be j(-1). What is the greatest common divisor of c and m?
10
Let h = 5 - 3. Suppose 8 = s - b, -2*s - h*b + 22 = -b. Calculate the highest common divisor of 30 and s.
10
Suppose 4*o - 264 = 2*y, 2*o - 9*y = -6*y + 140. What is the greatest common factor of o and 96?
32
Let z(u) = 5*u**2 - u + 1. Let g be z(1). Suppose -g*f + 25 = 0, -v - 4 = f + 4. Let o = v + 26. What is the highest common divisor of o and 104?
13
Let i(c) = -127*c - 7. Let n be i(-1). What is the greatest common divisor of 24 and n?
24
Let m(k) = k**2 + 7*k + 2. Let h be m(-5). Let x(i) = -i**2 - 9*i - 4. Let o be x(h). Suppose 82 = o*g - 6. Calculate the greatest common factor of 2 and g.
2
Let h be ((-4)/(-3))/(3/162). What is the greatest common factor of h and 27?
9
Suppose 0 = 2*i - 3*p - 165, -5*i + 365 = -i + p. Calculate the highest common factor of i and 18.
18
Let s be (-1 + 4)/((-10)/(-370)). Let i(z) = z**2 - z - 3. Let y be i(0). Let k be s - y/(2 + -3). What is the highest common factor of 12 and k?
12
Let s(a) = 1 + 0*a - 6*a - 2*a. Let b be s(-1). Let i = -4 + b. What is the highest common divisor of 55 and i?
5
Suppose 285 = 4*h - 55. Let t be 2/(-7) + (-8)/(-28). Suppose t = -6*a - 3 + 105. What is the highest common divisor of a and h?
17
Suppose 3*g = 6*g - 6. What is the highest common factor of 4 and g?
2
Let c be (2 + 0)/((-2)/(-16)). Suppose -x + c = -9. Calculate the greatest common divisor of x and 100.
25
Suppose 16 = -9*c + 11*c. Calculate the greatest common factor of c and 16.
8
Let o be (-1)/(3 + -2)*-30. Calculate the highest common factor of 75 and o.
15
Let h be 3/15 + (-1348)/(-10). Suppose -y + 0*y + h = 0. Let w = -22 - -37. What is the highest common factor of w and y?
15
Let k(t) = -125*t**2 + t + 2. Let y(d) = 63*d**2 - 1. Let j(g) = 2*k(g) + 5*y(g). Let p be j(1). What is the highest common divisor of 6 and p?
6
Let r = -170 + 182. What is the greatest common divisor of r and 6?
6
Let k(i) = i**3 + 13*i**2 - 29*i - 21. Let d be k(-14). What is the greatest common factor of 21 and d?
21
Let k(w) = -w**3 - 2*w**2 + 5*w + 3. Let h be k(-3). Let b be (h - -2)*(-9 - 2). Calculate the highest common divisor of b and 88.
11
Let s(o) = 33*o**2 - o + 1. Let d be s(1). Calculate the highest common factor of d and 11.
11
Let n = 241 + -137. What is the highest common factor of n and 26?
26
Let a(u) = -5*u - 5*u - 8 - u**2 + 0*u**2. Let j be a(-9). Calculate the highest common divisor of j and 9.
1
Let q = -1 + 9. Suppose -5*x = 5*t + 14 - 359, 4*x + 5*t - 281 = 0. Calculate the greatest common factor of q and x.
8
Suppose f - 15 = 4*m, 3*f + 2*m = 2 + 1. Suppose 5*t - f*t = 28. Calculate the greatest common factor of 98 and t.
14
Let u(o) = 2*o - 15. Let i be u(9). Calculate the greatest common divisor of 27 and i.
3
Let q = 92 + -81. Calculate the highest common factor of 11 and q.
11
Suppose a = 6*w - 2*w - 13, 5*w - 4 = 3*a. Suppose a*d - 2*d = 270. Let i = -4 - -22. What is the greatest common factor of i and d?
18
Suppose s + 0*m = 3*m + 13, -4*m = 4*s - 68. Let j = -11 + 7. Let w be 4410/25 - j/(-10). What is the highest common divisor of w and s?
16
Suppose 3*j = 2*w - 28, j - 16 = 5*j. Calculate the highest common factor of w and 4.
4
Let j(d) = 2*d - 1. Let f be j(2). Let u = 12 - f. What is the highest common divisor of u and 72?
9
Let n = -36 + 44. Suppose 48 = -0*g + 4*g. Calculate the highest common factor of n and g.
4
Let g = 53 + -38. Suppose -3*i + 1 = -5. Suppose i*x = 3*x - 120. Calculate the highest common divisor of x and g.
15
Suppose 0 = -2*v - 3 + 5. Let i be v + 44 + 0/(-5). Suppose 2*x - 10 = 26. What is the highest common divisor of x and i?
9
Let v(d) = -3*d + 1. Let j be v(1). Let n = 2 + j. Suppose -6*y + 2*h = -2*y - 70, 4*y - 3*h - 75 = n. What is the highest common divisor of 45 and y?
15
Suppose -3*c - 5*b = -83, 6*c - 126 = c + 4*b. What is the greatest common factor of c and 13?
13
Suppose 4*r + 4*w + 0*w - 24 = 0, -4*w + 8 = 0. Suppose -3*i = -6, 0 = -4*l - 0*l - 5*i + 42. Calculate the greatest common factor of r and l.
4
Let j(i) = i**2 + 2*i + 150. Let z be j(0). What is the greatest common factor of z and 15?
15
Let s(y) = y**3 - 3*y**2 - y - 2. Let x be s(3). Let w = x + 181. Let n(p) = -16*p. Let o be n(-1). What is the greatest common divisor of w and o?
16
Let z(u) = -2*u**3 - 5*u**2 - 3*u - 4. Suppose -p = 3*l + 2 + 7, -l = 4*p + 3. Let q be z(l). Calculate the highest common divisor of q and 14.
14
Let i(r) = 3 - 4 + 0 + r - 2*r**3 - 2*r**2. Let y be i(-2). Suppose 3*h - 64 = -h - y*j, -j + 48 = 4*h. What is the greatest common divisor of 88 and h?
11
Let b = 21 - 7. Let a be 1 - -14*(2 - -1). Suppose -27 = -5*m + a. Calculate the greatest common divisor of m and b.
14
Let v be (0 + -3)/(6/8). Let m(z) = -z**2 - 6*z - 6. Let w be m(v). Let t be (-1)/w - 21/(-2). Calculate the greatest common factor of t and 30.
10
Let h = -20 - -40. Let a(t) = -41*t**3 + 2*t + 1. Let w be a(-1). Calculate the greatest common divisor of w and h.
20
Let b(k) = 26*k**2 + 1. Let l be b(1). What is the greatest common factor of 27 and l?
27
Let q be (16 - 2)/((-2)/(-16)). Suppose c - 5*c = 0. Suppose 0 = l - n - 12, c*l - n = -2*l + 28. What is the greatest common divisor of l and q?
16
Let j(r) = r**2 - r. Let q be j(3). Let b be (-14)/4 + (-2)/(-4). Let u(w) = 3*w**2 + 2*w + 3. Let a be u(b). Calculate the greatest common divisor of a and q.
6
Let b(o) = o**2 + 8*o. Let a be b(-7). Let w = 5 - a. What is the highest common factor of 96 and w?
12
Suppose 3*c + 5 = 23. Let y = 22 - 4. Calculate the greatest common factor of y and c.
6
Let x be 54/15 - (-2)/5. Let o(p) = p**3 - 3*p**2 - 4*p + 5. Let l be o(x). What is the greatest common factor of l and 25?
5
Suppose -361 - 47 = -6*p. What is the highest common factor of 17 and p?
17
Suppose u + 0*u = -4*c + 11, -u + 10 = 5*c. What is the greatest common factor of u and 15?
15
Suppose -7*n = -215 - 121. Calculate the greatest common divisor of 32 and n.
16
Suppose 5*f - 2*l = 19, 5*f + 7 - 16 = -3*l. What is the highest common divisor of f and 12?
3
Let b(o) = 3*o + 7. Let u be b(2). What is the highest common divisor of u and 13?
13
Suppose 5*t - 30 = -2*n, 2*n + 3*t - 30 = 6*t. Let m be (-44 + -1)/((-4)/12). What is the highest common divisor of n and m?
15
Let x(h) = h + 9. Let k be x(-4). Suppose -k*o + 65 = -2*r - 237, -o + 55 = 5*r. Let y = 24 - 9. Calculate the greatest common divisor of o and y.
15
Let w = 129 - 89. Let u(o) = o**3 + 5*o**2 - 8*o - 6. Let x be u(-6). Let k be (x/4)/(3/16). Calculate the greatest common factor of w and k.
8
Suppose -v - 4*v = -15. What is the greatest common divisor of v and 9?
3
Let r be 13 + (12/(-6) - (1 - -1)). What is the greatest common factor of 72 and r?
9
Let j(a) = -a**3 + 10*a**2 - 10*a + 14. Let g be j(7). Calculate the greatest common divisor of 13 and g.
13
Let u(g) = -g**3 - 5*g**2 - 4*g. Let z(h) = h**2 + 11*h + 13. Let r be z(-9). Let c be u(r). Calculate the highest common factor of c and 50.
10
Let n = -6 + 4. Let a(k) be the third derivative of -k**6/120 + k**5/30 + k**4/12 - k**2. Let p be a(n). What is the highest common factor of p and 24?
12
Let l be 3*-2*(-14)/(-6). Let h = l - -23. Let q be (-1 - 5)/((-7)/7). What is the highest common factor of h and q?
3
Let k be 75 - 1 - 1*-2. Suppose -k = -o - 3*o. Let l = -13 + o. Calculate the greatest common factor of l and 18.
6
Suppose 0 = -p - p + 6. What is the highest common divisor of p and 12?
3
Suppose 12 = 2*f - 8. Suppose 6*c - 2*c + 16 = -5*o, -3*o - f = 2*c. Let a be 12 + c + 1/(-1). What is the highest common divisor of 132 and a?
12
Let q = -77 + 147. Let f be ((-8)/(-3) + -2)*42. What is the greatest common factor of f and q?
14
Let y(m) be the second derivative of 5*m**3/6 - 2*m**2 + 3*m. Let a be y(4). What is the greatest common factor of a and 112?
16
Suppose 49 = 2*q + p - 44, -3*q + 153 = -3*p. Let b = 183 - 63. What is the greatest common factor of q and b?
24
Let u = 310 + -516. Suppose 5*j - 2*p = -